units digit of w?
6
Let v(y) = -y**2 - 9*y - 1. Let k be v(-5). Suppose n - 5*c = -k, -c + 0 = 2*n - 6. What is the units digit of n?
1
Let g(r) = -r**3 - 2*r**2 + r + 2. Let o be g(-2). Let t = 5 + o. What is the units digit of t?
5
Let n(x) = -2*x**2 + 24*x + 9. What is the units digit of n(11)?
1
What is the units digit of (4/2 - -16)*(-16)/(-6)?
8
Suppose 10*f = 6*f + 420. What is the hundreds digit of f?
1
Suppose -92 = -f + 4*x + 103, 0 = -3*x + 12. What is the units digit of f?
1
Suppose -5*o = -3*i - 40, 2*o + 3*o - 45 = 4*i. Let x be (-220)/6*(-6)/o. Suppose 0*j = 4*j + b - x, 0 = -2*b - 8. What is the units digit of j?
2
Suppose 5*c = -5*c + 260. What is the units digit of c?
6
Suppose -3*g = -2*u - 94 + 17, -3*g - 2*u + 97 = 0. What is the units digit of g?
9
Suppose 3*m = 11 - 2. Suppose m*f = -c - 28, 0 = -4*f + 5*c - 9 - 3. What is the units digit of (-2 + f)*5/(-10)?
5
Let l(d) = 101*d**2 + 5*d - 4. What is the hundreds digit of l(1)?
1
Suppose 6*r = 3*r - u + 5, -5*u = -2*r - 8. Suppose -2*d - r = -z + 3, 5*z = -2*d - 16. What is the units digit of 4/((-3)/(18/d))?
8
Suppose -4*s = 4*w - 80, -3*s + 26 = 5*w - 34. What is the units digit of s?
0
Suppose -3*g - 9 = -g - y, 2*g + 2*y = -18. Let t(p) = p + 0*p**2 + 7 + p**3 - 2*p**3 - 6*p**2. What is the units digit of t(g)?
1
Suppose -3*u + 2*u = -40. What is the tens digit of u?
4
Suppose -3*b - s = -134, 4*b + 7*s = 3*s + 184. What is the units digit of b?
4
Suppose 0 = -4*t, -2*u + 3*t = 3*u - 15. Let l = u + -2. Let q = 6 - l. What is the units digit of q?
5
Let i(c) = 36*c + 11. What is the tens digit of i(4)?
5
Suppose -3*s + 80 = -34. What is the units digit of s?
8
Suppose 2*j = -30 - 76. Let i = 88 + j. What is the units digit of i?
5
Suppose q - 1 = 4. Let p = 9 - q. What is the units digit of p?
4
Let o(z) = 2*z**2 - 2*z - 1. Suppose -8 = 4*g - u, 3*g + 5*u = g + 18. What is the units digit of o(g)?
3
Suppose -2*g + u - 10 = 0, 0 = 2*g + 3*u - 1 + 3. Let j = 2 - g. What is the units digit of j?
6
Let b be 1 + 0 + (-3 - -41). Suppose -61 = -5*s + 4*a, 4*s + 15 = 5*s + 2*a. Suppose 4*u - b = s. What is the units digit of u?
3
Let c be (3/2 + -3)*-2. Let l(g) = 2*g**3 - g**2. Let q be l(2). Suppose -25 = 5*o, -z + c*z + q = -4*o. What is the units digit of z?
4
Suppose 0 = -2*d - 51 - 51. Let n = 73 + d. What is the units digit of n?
2
What is the units digit of -2*(21/(-6) - -3) - -65?
6
Let c(d) = -6*d**2 - 2*d. Let n(r) = r**2 - r + 1. Let i(x) = -c(x) + n(x). What is the units digit of i(-1)?
7
Suppose -4*s = 4*d - 124, -2*d - 51 = -4*s + 79. What is the tens digit of s?
3
Let b(h) be the third derivative of -h**6/120 + h**5/10 + h**4/8 - 4*h**3/3 + 2*h**2. What is the tens digit of b(6)?
1
Let b be ((-8)/4)/(-2) - 1. Suppose b*i = -i + 3*d + 27, 4*i + 2*d - 80 = 0. What is the units digit of i?
1
Let s(h) = -h**2 + 7*h + 1. Let q be s(7). Let n be ((-7)/2)/(q/(-4)). Let a = -3 + n. What is the units digit of a?
1
Let i = -81 + 172. What is the tens digit of i?
9
Suppose 4*b + b = 25. Let t be 49 - 2/4*-4. Suppose -b*j = -19 - t. What is the units digit of j?
4
Let f be (4/10)/((-3)/(-15)). Let d = -9 + 46. Suppose -5*a = 2*p - d, -f*p = -7*p + 3*a + 15. What is the units digit of p?
6
Let z(q) = q**2 - 10*q - 21. What is the units digit of z(15)?
4
Let y(s) be the first derivative of -s**2 - 5*s + 1. Let r be y(-4). Suppose -4*h + 5*h = r. What is the units digit of h?
3
Let a(h) = h**3 - 6*h**2 + h - 3. Let y be a(6). Suppose -y*s - 10 = 8. Let m = s - -10. What is the units digit of m?
4
Let s be (0 - -6)/(1/3). What is the units digit of 76/18 + (-4)/s?
4
What is the tens digit of ((-159)/(-9) + 3)/(10/75)?
5
Suppose -2 - 42 = -4*q. What is the tens digit of q?
1
Let h = 1 + -8. Let c = 12 + h. Let j = -2 + c. What is the units digit of j?
3
Suppose 0 = 2*s + s - 144. Let l = 67 - s. What is the units digit of l?
9
Let u(c) = c**2 - 16*c - 8. What is the units digit of u(-8)?
4
Let a = -17 + 12. Let p = a - -14. Let w(o) = -o**3 + 10*o**2 - 7*o - 9. What is the units digit of w(p)?
9
Let n(h) = 2*h**3 - 4*h**2 + 3*h - 2. Let l be -1*(-2 - -4)*-1. Let f be n(l). Suppose y = 2*y - f. What is the units digit of y?
4
What is the tens digit of (-17)/(2 + 5/(-2))?
3
Suppose 4 = -2*b + 6*b. What is the units digit of (3/(-9))/(b/(-69))?
3
Suppose -r - 2*r = -w + 17, 0 = 5*w + 3*r + 5. What is the units digit of w?
2
Let u = 203 + -96. Suppose -d - 101 = -4*a, -4*a - d = -0*a - u. What is the units digit of a?
6
Suppose -8 + 0 = -b. Let q = 2 - b. What is the units digit of (-6 - -2) + 2 - q?
4
Suppose -2*u + 4 = y, 0*u = 2*u - 2. Let f(v) = 2 - 5 - 7*v + y*v. What is the units digit of f(-4)?
7
Suppose 0 = -2*m + 4*m - 2. Suppose -5 = -3*d - 2. Let o = m + d. What is the units digit of o?
2
Let v(w) = -w - 2. Let f be v(3). Let s be (-91)/f - 4/20. Suppose -3*m + s + 15 = 0. What is the units digit of m?
1
Suppose 0*a + 2*a - 24 = 0. What is the tens digit of a?
1
Let i(m) = -16*m - 8. Let k be i(7). What is the tens digit of (k/32)/((-3)/8)?
1
Let b(k) be the first derivative of -7/2*k**2 + 1/3*k**3 + 2 + 5*k. What is the units digit of b(7)?
5
Let h = 7 + -2. Let s = h + 13. What is the tens digit of s?
1
Let k be (-12)/(-6) - (-1 - 9). Suppose -4*p + 30 = -5*s, 4*p + 2 = -5*s + k. Suppose -2 = -4*r + 5*l + 33, -35 = -3*r - p*l. What is the tens digit of r?
1
Let f = 5 - 0. Suppose 11 + 2 = 3*y + f*l, 3 = y + 3*l. What is the units digit of y?
6
Let u = -23 + 20. What is the tens digit of (u - -10)*(-48)/(-28)?
1
Let j = -1 + -1. Let p(n) = -2*n - 11. Let k be p(-8). Let v = j + k. What is the units digit of v?
3
Let o(y) = -111*y**2 - 2*y + 1. Let i be o(1). Let t = i + 163. What is the units digit of t?
1
Let s be 3*(1 + (-2)/6). Suppose s*g = g + 1. What is the units digit of g?
1
Suppose -y + 8 = -6. Let j = y + -4. What is the tens digit of j?
1
Suppose -2*k = -8, -8 = w + 3*k - 25. Suppose 2*c = -3*d + w, 5*c + d + 2 = 47. What is the units digit of c - 2/4*0?
0
Suppose -21 = -5*y + 4. Suppose 0*i - 40 = -y*i. Let l = i - 3. What is the units digit of l?
5
Let q = -159 - -231. What is the tens digit of q?
7
Let z(q) = 2*q**2. Let h be z(1). Suppose h*d + 1 = 3*c + 3, 4*c = 3*d - 3. Let l = c + 9. What is the units digit of l?
9
Let l be 2/(-3) + (-20)/(-12). What is the units digit of l + -1 + 1*2?
2
Let j(o) = -o**2 - 9*o + 2. Let d be j(-9). Suppose -l + 6 = d*r, -l - r + 6 = 4*r. What is the units digit of l?
6
Suppose 205 = 5*c + 3*r + 2*r, -5*r + 129 = 3*c. What is the tens digit of c?
3
Suppose -5*p - 39 = -14. Let o = p + 8. Let v = 7 - o. What is the units digit of v?
4
Suppose -5*k - 16 = 4*z - 1, -4*k = -5*z - 29. Let y be (2 + -3)*(7 + k). Let c(r) = r**2 + 8*r + 8. What is the units digit of c(y)?
8
Suppose -2*n - g + 292 = 0, 2*n + 3*g - 728 = -3*n. What is the tens digit of n?
4
Let c = -5 + 7. Suppose c*o = 7*o - 5. What is the units digit of o?
1
What is the units digit of 0 + -1 + 3 + 2?
4
Let i be (-2)/7 - 12/(-42). Suppose 16*z - 14*z - 16 = i. What is the units digit of z?
8
Let s be -5 + 2 - 3/1. Let n = 15 + s. What is the units digit of n?
9
Suppose 0 = -8*l + 10*l - 526. What is the hundreds digit of l?
2
Let m be (-180)/(-4) + (-3 - -5). Suppose 0 = 6*t - 133 - m. What is the units digit of t?
0
Let v = 22 + -17. What is the units digit of v?
5
Suppose 2*t - 9 + 3 = 0. Let m be (t - -6)*(-8)/(-3). Suppose -5*v + m = -1. What is the units digit of v?
5
Let v(q) = -q**2 - 14*q - 1. What is the units digit of v(-9)?
4
Suppose -5*h = -298 + 18. What is the units digit of h?
6
Let z(o) = -4*o**3 - o**2 - 4*o - 3. What is the tens digit of z(-2)?
3
Let l = -33 + 43. What is the units digit of l?
0
Suppose 55 = 4*o + 3*v, -v = 5*o - 3*v - 63. What is the tens digit of o?
1
Suppose -4*f = 2*y - 38, -15 = -y + 4*y. Suppose -30 = -5*d + 5*o, 2*d + o - 5 = -4*o. Let m = f - d. What is the units digit of m?
7
What is the units digit of (1/(-2))/((-5)/290)?
9
Let j(u) = 2*u**2 - 8*u - 3. What is the tens digit of j(6)?
2
Let y be (30/18)/(1/(-6)). Let w = y - -31. Suppose -5*l + l - 4*i = -20, l - w = -5*i. What is the units digit of l?
1
Suppose -z - 2 = -u, 2*u + 3*z = -5 - 1. What is the tens digit of (u + -1)/(9/(-306))?
3
Suppose 0 = -y + 4 -